the highest common factor of t and 4607.
17
Suppose -4*g + 2*b + 0*b = 18, -15 = 3*b. Let x(z) = -3*z**2 - 10*z - 13. Let v be x(g). Let l = 205 + v. Calculate the highest common divisor of l and 46.
23
Let x(m) = 275*m**2 + 32 - 6*m - 140*m**2 - 136*m**2. Let l be x(3). Suppose -2*g - 4 - 4 = 0, 2*r - 88 = -3*g. Calculate the highest common divisor of l and r.
5
Let i(d) = -47*d - 6735. Let z be i(-144). Let g(h) = 16*h**2 + h + 4. Let k be g(4). Calculate the highest common factor of z and k.
33
Let i = 481 - 327. Let x = 155 - i. Calculate the highest common factor of 11 and x.
1
Let p(c) = 7*c**3 + 2*c**2 + 2*c + 1. Let u be p(-1). Let w be 41*-3*2/u. Let n = -8627 + 8914. Calculate the greatest common divisor of w and n.
41
Suppose 0 = 22*m + 4*a - 740, 5*m + 2*a - 216 + 38 = 0. Suppose -136 - 24 = -5*j. Calculate the highest common factor of m and j.
32
Let b = -575 - -577. Suppose 0*j + i = -2*j + 3036, -i + b = 0. What is the greatest common factor of j and 41?
41
Let c(m) = -m**2 - 14*m - 13. Let h be c(-10). Let t be 1 - (-9)/h*(2 - 2). Suppose -2*g = p, -g + t = 3. Calculate the highest common factor of p and 16.
4
Let j be (-8)/(16/(-14))*1. Let a be (-4 - 4)/8*-77. What is the highest common factor of j and a?
7
Let s(f) be the first derivative of -f**3/3 + 15*f**2/2 - 8*f + 8. Let k be s(14). Let o = -195 + 213. What is the highest common divisor of o and k?
6
Suppose -4*o - 2475 = -9*o - 5*c, 5*c + 1469 = 3*o. Suppose -2*g + 982 = -5*t, 40*g + 3*t + o = 41*g. What is the greatest common divisor of 37 and g?
37
Let o = -73 - -79. Let v(j) = j**2 - 2*j - 13. Let d be v(-4). Suppose 0 = -5*f - d*f + 48. What is the highest common factor of o and f?
3
Let q(c) = 11*c - 97. Let m be q(13). Let b be -1*((-4)/(8/m) - 2). Calculate the highest common divisor of 175 and b.
25
Suppose 5*i + 248 = -4*h, -2*i = 3*h - i + 186. Let d(m) = -15*m + 35. Let a be d(-5). Let j = h + a. Calculate the highest common factor of j and 6.
6
Let b(q) = 316*q + 84. Let r be b(0). Calculate the greatest common factor of 154 and r.
14
Let m(v) = 54*v - 4992. Let t be m(93). Calculate the highest common factor of t and 1182.
6
Let z(q) = 104*q + 1. Let h be z(2). Let a be (3 - (-957)/33) + -13. What is the highest common factor of h and a?
19
Suppose -375 - 117 = 4*t. Let l = 164 + t. What is the highest common factor of l and 656?
41
Let s be ((-200)/120)/((-3)/9). Calculate the highest common divisor of s and 6485.
5
Suppose -4*m + 9 = -y + 2*y, -m = -5*y + 3. Suppose -629*v = -1352*v + 62178. What is the highest common factor of v and m?
2
Let x = 190 - 186. Suppose 5*b = -x*t + 753 - 277, 3*t + 356 = 4*b. Calculate the greatest common factor of 4 and b.
4
Let u be 0 + (-136)/(-8) + 165. What is the highest common divisor of 1736 and u?
14
Let f(o) = o**2 + 4*o. Let q be f(-3). Let i be 65 + 2/3*q. Let p be (625 - 613) + (-8 - -3). What is the highest common divisor of p and i?
7
Let o = 25624 - 8299. What is the greatest common divisor of 90 and o?
45
Let q = -45 - -53. Suppose 5*u - 12 = q. Let t = 10 - u. Calculate the greatest common factor of 42 and t.
6
Suppose 3*c = 4*p - 6, 0*p + 5*c - 19 = -3*p. Suppose -2*i + 2*r + 126 = 0, p*i + i = -2*r + 264. What is the greatest common factor of i and 65?
65
Let w = 3311 - 3207. Calculate the highest common divisor of 16 and w.
8
Let j = 432 - -226. What is the greatest common divisor of 98 and j?
14
Suppose u + 135648 = 145*u. What is the greatest common divisor of u and 12?
6
Let z = 105 - 101. Suppose -4*s = -z*p + 84, 4*p - 2*s - 18 = 58. Calculate the greatest common factor of p and 68.
17
Suppose -4*n + 864 = 4*p - 2048, -p + 704 = 4*n. Calculate the highest common factor of 352 and p.
32
Suppose 5*g = w + 2*g - 165, 4*w = -5*g + 660. Let r(y) = -y**2 + 251*y + 1035. Let b be r(-4). What is the highest common factor of w and b?
15
Let h(w) be the third derivative of 7*w**4/12 - 35*w**3/6 + 2*w**2 + 82*w. Let f be h(4). Calculate the greatest common factor of f and 21.
21
Let x = 50 - 421. Let u = -271 - x. What is the highest common divisor of 40 and u?
20
Let k be (6 - 4)*-11*(-3)/(-6)*-7. Calculate the highest common factor of k and 777.
7
Suppose -s = -48 + 14. Suppose 843*k - 131*k - 12104 = 0. Calculate the highest common factor of k and s.
17
Let y(h) = -h**3 + 3*h**2 + 3*h - 10. Let q be y(-4). Let m be (6*(-4)/6)/((-4)/q). What is the greatest common factor of m and 54?
18
Let p = 3615 + -1635. What is the highest common factor of p and 308?
44
Let p be 13110/475*(-10)/(-1). What is the highest common divisor of p and 2139?
69
Let o(m) = 9*m + 56. Let s = -80 + 78. Let w be o(s). What is the greatest common factor of w and 76?
38
Let f(q) = -4*q + 45. Let a be f(0). Let p be ((-32)/12)/4*6. Let b be 1/(p/(-32)) + 1. What is the greatest common divisor of a and b?
9
Suppose q = -16*z + 13*z + 44, -8*z = 64. What is the greatest common factor of 6494 and q?
34
Suppose -2*o + 0 = 2, -23 = -l + 5*o. Let w be 436/l - (-2)/(-9). What is the highest common divisor of w and 36?
12
Let g = 590 - 576. Suppose -3*s - 4 = -1. Let x be s + -1 - -2*36. What is the highest common divisor of x and g?
14
Suppose 0 = 118*u - 124*u + 12. Suppose -3*p = -5*k + 820 + 446, 2*p = u*k - 508. What is the greatest common divisor of 140 and k?
28
Suppose -3244*v = -3210*v - 13056. Let r be 1/(14/(-24))*-7. What is the greatest common factor of v and r?
12
Suppose 37*v - 4*v + 57*v = 14580. Calculate the highest common divisor of v and 606.
6
Let q = -5551 + 5602. Calculate the greatest common divisor of q and 136.
17
Let z(s) = -s**3 - 21*s**2 + 26*s + 176. Let x be z(-22). Let n = -4 - -7. Let a be (-33)/4*(-8)/n. Calculate the greatest common divisor of a and x.
22
Let v(f) = -f**3 - 12*f**2 + 6*f + 2. Let q be v(-15). Let z = 595 - q. Calculate the highest common factor of z and 488.
8
Suppose -4*d = -777 + 105. Let r(s) = s**3 - 15*s**2 - 28*s + 10. Let c be r(17). What is the greatest common factor of d and c?
56
Suppose 71 = 4*a + 771. Let f be 56*(a/(-10))/7. What is the greatest common divisor of f and 35?
35
Let r(c) = 17*c**3 - c**2. Let z be r(1). Let h(p) = -p**2 + 12*p + 27. Let q be h(20). Let o = -101 - q. What is the highest common divisor of o and z?
16
Suppose -103*t + 99*t = 616. Let l be (-1106)/t + 3 - (-4)/(-22). Calculate the highest common factor of l and 80.
10
Let k = 290 - 155. Let q = 1016 + -902. Let z = k - q. What is the greatest common divisor of 6 and z?
3
Let q(l) = -50*l + 6. Let f(r) = -100*r + 13. Let m(o) = 3*f(o) - 7*q(o). Let i be m(-1). Let h = i + 78. What is the greatest common factor of 50 and h?
25
Suppose -265533 = -24*k + 102987. What is the highest common divisor of 185 and k?
185
Let z(v) be the third derivative of 7/6*v**3 - 3*v**2 - 1/8*v**4 + 1/60*v**5 + 0*v + 0. Let g be z(4). What is the greatest common factor of g and 121?
11
Suppose -3*k + 9 + 879 = 0. Let b = k - 222. Calculate the highest common divisor of b and 111.
37
Let z(m) = m**3 - 134*m**2 - 420*m + 1248. Let u be z(137). What is the highest common factor of u and 6005?
5
Let p(d) = d**2 + 10*d + 13. Let o be p(-9). Let g = 129 + -127. Suppose k - 36 = -2*y - g*k, o*k + 113 = 5*y. Calculate the greatest common factor of 7 and y.
7
Let u be 355*(4 + -9 + 10 + 142/5). Calculate the greatest common divisor of u and 71.
71
Let p(y) = 6*y**2 + 7*y - 10. Let s be p(2). Suppose 5*c + 2*o = 490, -7*o = -4*c - 4*o + 392. Let x = c - 70. What is the highest common factor of s and x?
28
Let d be 2/(-12) - (-9775)/690. Calculate the greatest common divisor of 1134 and d.
14
Suppose -153*v = -298*v + 1865135. What is the greatest common divisor of 19 and v?
19
Let r = 2752 + -2248. Calculate the greatest common divisor of r and 128.
8
Suppose -7*w - 10*w = 640 - 2374. Calculate the greatest common divisor of w and 2397.
51
Suppose -6*q - 4 = -7*q. Suppose 2*s + 0*s - 138 = -4*v, -3*s = q*v - 141. Suppose -43*p + v*p = -240. Calculate the greatest common factor of p and 3.
3
Suppose -396*q - 131*q + 217011 = 74721. What is the greatest common divisor of q and 2880?
90
Let o(d) = d**3 + 10*d**2 + 25*d + 10. Let l be o(-6). Let x be l/28 + (-356)/(-7). Calculate the highest common divisor of 68 and x.
17
Let l be (-12